*2 - 19*r + 5. Let q(g) = 2*g**2 - 37*g + 11. Let j(v) = 7*p(v) - 4*q(v). Let y be j(9). Let m = y + -31. What are the prime factors of m?
2, 7
Let o be -4*16/4 + -4. What are the prime factors of (102/15)/((-4)/o)?
2, 17
Suppose 0 = 6*h - h - 3670. List the prime factors of h.
2, 367
Suppose 1463 = -6*u - 5*u. What are the prime factors of (-6)/14 - 14953/u?
2, 7
Let c be (96/10)/4*-5. List the prime factors of 3 + ((-1065)/c)/(-5)*-4.
2, 37
Suppose 4*f - 156 = 15*u - 12*u, 0 = -3*f + u + 122. Let l be (14 + -1)/((-1)/2). Let s = l + f. What are the prime factors of s?
2
What are the prime factors of (-220)/55*(-1826)/8?
11, 83
Let n be (90/12)/(-5) + 894/4. Let l = -120 + n. What are the prime factors of l?
2, 3, 17
Suppose 3*x - 3*f - 1183 = 2*f, 0 = -x - 5*f + 421. What are the prime factors of x?
401
Suppose 0*w + 14*w = 3542. List the prime factors of w.
11, 23
Let y(d) = -d**2 - 5*d + 3. Let n be y(-5). Suppose n*l + 17 = -43. What are the prime factors of (-815)/l - 3/4?
2, 5
Let b be (-22)/(-18) - (-6)/(-27). Suppose 0 = -t + b + 3. Suppose -11 = -v - t. List the prime factors of v.
7
Suppose 12 = 2*r - r - f, r + 5*f = 18. Let t = -2 - 5. Let k = r + t. List the prime factors of k.
2, 3
Suppose 86*m - 41*m - 133695 = 0. What are the prime factors of m?
2971
Let q = -234 + 377. What are the prime factors of q?
11, 13
Let h(i) be the first derivative of -i**2/2 + 12*i - 6. Let j be h(9). Suppose 4*n - 7*n + 74 = 4*o, j*o + 3 = 0. List the prime factors of n.
2, 13
Suppose -2*t - 2 = 4*d + 2, 0 = 5*d + 4*t + 11. Let l be d + -35 - (-3)/3. Let c = l + 59. What are the prime factors of c?
2, 13
Let w = 30 + -23. Suppose 482 = -w*s + 1840. What are the prime factors of s?
2, 97
Let r = 503 - 467. List the prime factors of r.
2, 3
List the prime factors of (-2)/14 - (-183150)/210.
2, 109
Let r be (-2)/12 - (-5732)/(-24). Let c = -88 - r. Let p = -106 + c. List the prime factors of p.
3, 5
Suppose 6*z - 2*z + 4*j = 12, 5*z - 31 = 3*j. Suppose 2*t = n - 28 - 19, -z*t = -n + 125. Let i = 3 - t. List the prime factors of i.
29
Suppose -5*b = 4*j - 44, -95 = -3*j + 4*b - 31. Let y = j + -12. Suppose y*s = -0*s + 108. What are the prime factors of s?
3
Let x(w) = -11*w + 8. List the prime factors of x(-2).
2, 3, 5
Suppose 2*i = -3*b - 6, 6 = i + i - 3*b. Suppose t + 3*t - 60 = i. Let a = t - -14. List the prime factors of a.
29
Let x be (-2)/(-9) - (-66288)/108. Let k = x - 380. What are the prime factors of k?
2, 3, 13
Suppose -o + 4*c + 2098 = 0, o + 4*c - 9*c - 2095 = 0. List the prime factors of o.
2, 5, 211
Let v = 230 + -113. What are the prime factors of 2/9 - (-4654)/v?
2, 5
Suppose -6*d = -2*d - 1672. List the prime factors of d.
2, 11, 19
Suppose -4*g = 3*o - 4241, 254 = 5*o - 2*g - 6823. List the prime factors of o.
5, 283
Suppose 0 = -3*u + 6 + 6. Let t be (7 - 5)/(u/10). Suppose -t*z - 78 = -323. List the prime factors of z.
7
Suppose 47 - 207 = 8*u. What are the prime factors of (-3848)/u + (-6)/(-10)?
193
Suppose 3*y + 8 = 7*y. Let s(z) = -5 - y*z**2 + 6*z**2 + 2*z**2 + z**3 - z. What are the prime factors of s(-4)?
31
Let k be 1 + 24*(-5)/(-5). Suppose 2*t - k = 3*g, -4*t + 27 + 13 = 4*g. What are the prime factors of t?
11
Suppose 15 = -6*z + 3*z. What are the prime factors of z - (-55)/10 - (-446)/4?
2, 7
Let f(w) = w**3 + 24*w**2 - 35*w - 9. Let c(x) = -x - 17. Let y be c(8). What are the prime factors of f(y)?
241
Let f(u) = 28*u + 2. Let k be f(6). Suppose 74 = 3*x + 5*j, 5*j + k - 46 = 3*x. List the prime factors of x.
3, 11
Let i be (-132)/(-30) - 9/(-15). Suppose -5*s = -0*s + 4*u - 185, -i*s + 160 = -u. List the prime factors of s.
3, 11
Let y(p) = -p**3 - 5*p**2 - 3*p + 10. Let a be y(-5). Suppose 0*z + a = 5*z. Suppose -3*u + b = -15, z*b = -5*u + 5 + 40. List the prime factors of u.
2, 3
Suppose -5*q - 49*r + 6232 = -48*r, 5*q = 4*r + 6222. List the prime factors of q.
2, 7, 89
Let i(s) = 6*s. Let b be i(-2). Let r = b + 108. Let v = -53 + r. List the prime factors of v.
43
Let p(x) = 52*x + 2. Let h be 2 - 6 - (-13 + 8). What are the prime factors of p(h)?
2, 3
Suppose 2564 = 5*k - 3*b, k + 97 - 614 = 2*b. What are the prime factors of k?
7, 73
Let r = -11 + 27. Suppose 0 = r*d - 18*d - 122. Let w = -32 - d. List the prime factors of w.
29
Let s(g) = -8 + 9*g + 7*g + 1. Let c = -43 - -46. What are the prime factors of s(c)?
41
List the prime factors of 1085/2 - 10/(1 + -21).
3, 181
Suppose 5*j - 17 = -7. Suppose j*g + 3*g = 350. List the prime factors of g.
2, 5, 7
Let o = 10 - 16. Let u(r) = -r**3 - 8*r**2 + 3*r + 1. Let b be u(o). Let l = -54 - b. What are the prime factors of l?
5, 7
Suppose 3*a = 3*i - 0*a - 432, 4*i + 5*a - 531 = 0. List the prime factors of i.
139
List the prime factors of (-167)/(19/(-90) + 13/130).
3, 167
Let w = -40 - -78. Let a = 54 - w. Suppose 0 = d - 19 - a. What are the prime factors of d?
5, 7
Let t(o) = 15*o**2 - 11*o + 12. List the prime factors of t(5).
2, 83
Let b(v) = -v**2 - 5*v - 2. Let m be b(-4). Suppose -3*h = -j + m*h + 8, -3*j + h + 80 = 0. Suppose -s + j = -6. List the prime factors of s.
2, 17
Suppose 48*s + 7011 = 121683. What are the prime factors of s?
2389
What are the prime factors of (2 + (-4 - -3))/(7/23982)?
2, 3, 571
Suppose 2*p + 3*p - 15 = 0. Let g(v) = 15*v + 2. What are the prime factors of g(p)?
47
Suppose -7*h + 6968 = 682. What are the prime factors of h?
2, 449
Suppose 2*c - 14 - 17 = 5*x, -4*c - 4*x + 48 = 0. Let y = c + -3. List the prime factors of y.
2, 5
Suppose -175*z = -174*z - 1796. List the prime factors of z.
2, 449
Let y = -842 - -1422. What are the prime factors of y?
2, 5, 29
Let i = 17797 + -12627. List the prime factors of i.
2, 5, 11, 47
Suppose -1107*k + 1099*k = -30272. What are the prime factors of k?
2, 11, 43
Let x(k) = 58*k - 23. What are the prime factors of x(12)?
673
Suppose 0 = 17*f - 8858 - 6476. List the prime factors of f.
2, 11, 41
Let x = -10 - -15. Let g = 5 - x. Suppose 3*r - 39 - 36 = g. List the prime factors of r.
5
Let t be 0/(-10) + 5/1. Suppose -t*z = 21 - 126. List the prime factors of 707/z + (-1)/(-3).
2, 17
Suppose 0 = -0*d + 3*d + 2*q + 3, -d = 2*q + 1. Let k be 2 + d + 2 + -3. Suppose k = -4*y + 74 + 6. What are the prime factors of y?
2, 5
Let m = -5801 + 8690. List the prime factors of m.
3, 107
Let j(m) = 3*m**2 - 9*m - 15. List the prime factors of j(-20).
3, 5, 7, 13
Let q(g) = -7*g + 63. Let y be q(-30). Let d = y + -3. List the prime factors of d.
2, 3, 5
Let b(g) = -19*g**2 + 2. Let w be b(1). Let n = 19 + w. What are the prime factors of n?
2
Let h = 14 - -4. Let y = 5 + h. List the prime factors of y.
23
Let a(g) = g**3 + 12*g**2 - 6*g - 2. Suppose -3*l + 12 = 0, 25 = -3*x + 3*l - 23. What are the prime factors of a(x)?
2, 5, 7
What are the prime factors of ((-144)/27)/((-6)/495)?
2, 5, 11
Suppose 8*b = 474 + 46. Suppose u = 40 + b. List the prime factors of u.
3, 5, 7
Suppose 6*q - 10*q = -o + 5181, 0 = -3*o + 4*q + 15543. What are the prime factors of o?
3, 11, 157
Let v(d) = d**3 + 12*d**2 - 2*d - 17. Let h be (-1 - 0)/(1/12). What are the prime factors of v(h)?
7
List the prime factors of (0 - -9)*37/333 - -2412.
19, 127
Suppose q + 25 = -0*q - 5*b, -25 = q + 4*b. Let k = 60 + q. What are the prime factors of k - -3 - -4*1?
2, 3, 7
Suppose -3*g + w = -0*g - 3762, -2*g + 3*w + 2515 = 0. List the prime factors of g.
7, 179
Suppose 0 = 2*j + 3*m - 2 - 8, 3*m = 6. Suppose 6 = j*f + 2. Suppose -4*s + 49 = r - 47, f*r + 8 = 0. List the prime factors of s.
5
Let v(l) = -14*l + 66. Let u be v(10). What are the prime factors of u/111 - (-1 + 686/(-3))?
229
Let g(f) = 342*f - 63. Let c(x) = 11*x - 2. Let s(u) = 63*c(u) - 2*g(u). Let m be s(-2). Let n = -6 - m. List the prime factors of n.
2, 3
Suppose -3022 + 1177 = -3*f. What are the prime factors of f?
3, 5, 41
Suppose -139 = 2*j + 7. Let b = -160 - -304. Let h = b + j. What are the prime factors of h?
71
Suppose -4*d + 2888 = 4*o, 5*d + 4*o - 1615 = 1994. List the prime factors of d.
7, 103
Suppose -20 = 5*t, -5*n - 8368 = -9*n + 2*t. List the prime factors of n.
2, 5, 11, 19
Let v(u) = -22*u + 7 - 27 + 3*u**2 + 2. What are the prime factors of v(11)?
103
Let c(x) = 4*x**2 + 5*x - 9. Suppose -35 = 6*d - 5. Let n be c(d). Let s = -46 + n. What are the